{"id":7,"date":"2014-07-12T18:23:06","date_gmt":"2014-07-12T17:23:06","guid":{"rendered":"http:\/\/www.la-petite-bete-a-poils.fr\/?page_id=7"},"modified":"2017-11-14T12:32:14","modified_gmt":"2017-11-14T11:32:14","slug":"a-propos-de-la-petite-bete-a-poil","status":"publish","type":"page","link":"https:\/\/khi-2.com\/la-petite-bete-a-poils\/a-propos-de-la-petite-bete-a-poil\/","title":{"rendered":"\u00c0 propos de La P&rsquo;tite B\u00eate \u00e0 Poils"},"content":{"rendered":"<p style=\"color: #000000;\">(English version below)<\/p>\n<p style=\"color: #000000;\">Couturi\u00e8re, plus d\u00e9butante mais pas encore confirm\u00e9e, je cr\u00e9\u00e9 des accessoires pour petits &amp; grands : bavoirs, doudous, gigoteuses, tours de lit, coussins, snoods, sacs \u00e0 tarte &#8230; mais aussi des casquettes, des capes bain personnalis\u00e9es, des tipis pour mon fils &amp; les enfants de mes amies ! J\u2019ai commenc\u00e9 le 6 d\u00e9cembre 2013 une r\u00e9alisation au crochet avec ma M\u00f4man\u00a0<img decoding=\"async\" class=\"wp-smiley\" src=\"https:\/\/khi-2.com\/la-petite-bete-a-poils\/wp-includes\/images\/smilies\/icon_smile.gif\" alt=\":-)\" \/>\u00a0Puis, j\u2019ai achet\u00e9 une mini-machine \u00e0 coudre, puis je me suis achet\u00e9e une singer &amp; un livre pour faire les doudous mais l\u00e0, j&rsquo;ai acquis une brother NV955 d\u2019occasion (MAC &amp; brodeuse) !<\/p>\n<p style=\"color: #000000;\">Depuis le 1er juillet 2017, je suis auto-entrepreneur pour faire le march\u00e9 de No\u00ebl de mon village et les dessins de renards sont propri\u00e9taires de \u00ab\u00a0La P&rsquo;tite B\u00eate \u00e0 Poils\u00a0\u00bb et ne sont pas libres de droit.<\/p>\n<p style=\"color: #000000;\">Bon visionnage \u00a0\u00a0<img decoding=\"async\" class=\"wp-smiley\" src=\"https:\/\/khi-2.com\/la-petite-bete-a-poils\/wp-includes\/images\/smilies\/icon_smile.gif\" alt=\":-)\" \/><br \/>\nLa P&rsquo;tite B\u00eate \u00e0 Poils<\/p>\n<hr \/>\n<p style=\"color: #000000;\">Seamstress, not a beginner but still not yet confirmed, I create everything for \u00ab\u00a0young\u00a0\u00bb &amp; \u00ab\u00a0not so young\u00a0\u00bb people: bibs, cuddly toys, sleeping bags, bed bumpers, pillows, snoods, pie bags &#8230; as well as hats, custom bath capes, fabric wigwams for my son &amp; childrens of my friends! I started December 6th, 2013 by a creation made with hooks together with my Mum <img decoding=\"async\" class=\"wp-smiley\" src=\"https:\/\/khi-2.com\/la-petite-bete-a-poils\/wp-includes\/images\/smilies\/icon_smile.gif\" alt=\":-)\" \/>. Afterward, I bought a mini sewing machine, and then a Singer &amp; a book about cuddly toys. Finally, I acquired a second-hand NV955 brother (sewing machine &amp; embroidery)!<\/p>\n<p style=\"color: #000000;\">Since\u00a0 July 1st, 2017, I am a self-entrepreneur to make the Christmas market of my village. The fox designs are the ownership of \u00ab\u00a0The little furs beast\u00a0\u00bb and therefore are not free of rights.<\/p>\n<p style=\"color: #000000;\">Good viewing<br \/>\nLa P&rsquo;tite B\u00eate \u00e0 Poils<\/p>\n<span class=\"hellocoton_vote\" id=\"hellocoton_467873\" style=\"display:block;width:147px;height:30px;position:relative;padding:0;border:10px 0px;margin:0;clear:both;\">\n\t<a id=\"hellocoton_load_467873\" href=\"#\" onclick=\"javascript:return false;\"  style=\"display:block;width:120px;height:30px;position:absolute;top:0;left:0;padding:0;border:0;margin:0;\"><img decoding=\"async\" src=\"https:\/\/khi-2.com\/la-petite-bete-a-poils\/wp-content\/plugins\/hellocoton\/loading.gif\" border=\"0\" style=\"padding:0;border:0;margin:0;float:none;background:transparent;-webkit-box-shadow: none;-webkit-transform: rotate(0deg);\" \/><\/a>\n\t<a id=\"hellocoton_vote_467873\" href=\"#\" onclick=\"return false;\"  style=\"display:none;width:120px;height:30px;position:absolute;top:0;left:0;padding:0;border:0;margin:0;\"><img decoding=\"async\" src=\"https:\/\/khi-2.com\/la-petite-bete-a-poils\/wp-content\/plugins\/hellocoton\/action-on.gif\" border=\"0\" style=\"padding:0;border:0;margin:0;float:none;background:transparent;-webkit-box-shadow: none;-webkit-transform: rotate(0deg);\" onmouseover=\"javascript:this.src='https:\/\/khi-2.com\/la-petite-bete-a-poils\/wp-content\/plugins\/hellocoton\/action-on-h.gif'\" onmouseout=\"javascript:this.src='https:\/\/khi-2.com\/la-petite-bete-a-poils\/wp-content\/plugins\/hellocoton\/action-on.gif'\" \/><\/a>\n\t<a id=\"hellocoton_unvote_467873\" href=\"#\" onclick=\"javascript:return false;\"  style=\"display:none;width:120px;height:30px;position:absolute;top:0;left:0;padding:0;border:0;margin:0;\"><img decoding=\"async\" src=\"https:\/\/khi-2.com\/la-petite-bete-a-poils\/wp-content\/plugins\/hellocoton\/action-off.gif\" border=\"0\" style=\"padding:0;border:0;margin:0;float:none;background:transparent;-webkit-box-shadow: none;-webkit-transform: rotate(0deg);\" onmouseover=\"javascript:this.src='https:\/\/khi-2.com\/la-petite-bete-a-poils\/wp-content\/plugins\/hellocoton\/action-off-h.gif'\" onmouseout=\"javascript:this.src='https:\/\/khi-2.com\/la-petite-bete-a-poils\/wp-content\/plugins\/hellocoton\/action-off.gif'\" \/><\/a>\n\t<a href=\"http:\/\/www.hellocoton.fr\" target=\"_blank\" style=\"display:block;width:27px;height:30px;position:absolute;top:0;left:120px;\"><img decoding=\"async\" src=\"https:\/\/khi-2.com\/la-petite-bete-a-poils\/wp-content\/plugins\/hellocoton\/fa.gif\" border=\"0\" alt=\"Rendez-vous sur Hellocoton !\" style=\"padding:0;border:0;margin:0;float:none;background:transparent;-webkit-box-shadow: none;-webkit-transform: rotate(0deg);\" \/><\/a><\/span><script type=\"text\/javascript\">hellocoton_plugin_url=\"https:\/\/khi-2.com\/la-petite-bete-a-poils\/wp-content\/plugins\/hellocoton\/\"<\/script><script type=\"text\/javascript\" id=\"hellocoton_script_467873\">(function() {var s=document.createElement(\"script\");s.type=\"text\/javascript\";s.src=\"http:\/\/widget.hellocoton.fr\/widget06.js?uniq=467873&url=https%3A%2F%2Fkhi-2.com%2Fla-petite-bete-a-poils%2Fa-propos-de-la-petite-bete-a-poil%2F\";s.async=true;var x=document.getElementById(\"hellocoton_script_467873\");x.parentNode.insertBefore(s,x);})();<\/script>","protected":false},"excerpt":{"rendered":"<p>(English version below) Couturi\u00e8re, plus d\u00e9butante mais pas encore confirm\u00e9e, je cr\u00e9\u00e9 des accessoires pour petits &amp; grands : bavoirs, doudous, gigoteuses, tours de lit, coussins, snoods, sacs \u00e0 tarte &#8230; mais aussi des casquettes, des capes bain personnalis\u00e9es, des tipis pour mon fils &amp; les enfants de mes amies ! J\u2019ai commenc\u00e9 le 6 [&hellip;]<\/p>\n","protected":false},"author":1,"featured_media":0,"parent":0,"menu_order":0,"comment_status":"open","ping_status":"open","template":"","meta":{"footnotes":""},"class_list":["post-7","page","type-page","status-publish","hentry"],"_links":{"self":[{"href":"https:\/\/khi-2.com\/la-petite-bete-a-poils\/wp-json\/wp\/v2\/pages\/7","targetHints":{"allow":["GET"]}}],"collection":[{"href":"https:\/\/khi-2.com\/la-petite-bete-a-poils\/wp-json\/wp\/v2\/pages"}],"about":[{"href":"https:\/\/khi-2.com\/la-petite-bete-a-poils\/wp-json\/wp\/v2\/types\/page"}],"author":[{"embeddable":true,"href":"https:\/\/khi-2.com\/la-petite-bete-a-poils\/wp-json\/wp\/v2\/users\/1"}],"replies":[{"embeddable":true,"href":"https:\/\/khi-2.com\/la-petite-bete-a-poils\/wp-json\/wp\/v2\/comments?post=7"}],"version-history":[{"count":16,"href":"https:\/\/khi-2.com\/la-petite-bete-a-poils\/wp-json\/wp\/v2\/pages\/7\/revisions"}],"predecessor-version":[{"id":1023,"href":"https:\/\/khi-2.com\/la-petite-bete-a-poils\/wp-json\/wp\/v2\/pages\/7\/revisions\/1023"}],"wp:attachment":[{"href":"https:\/\/khi-2.com\/la-petite-bete-a-poils\/wp-json\/wp\/v2\/media?parent=7"}],"curies":[{"name":"wp","href":"https:\/\/api.w.org\/{rel}","templated":true}]}}